the second derivative of 2*m**4/3 + 5*m**3/6 - 4*m. Is z(3) a composite number?
True
Suppose -w - 3*v = 564, 4*v - 2288 = w + 3*w. Let o be -1133*(-1)/(-3 + 2). Let f = w - o. Is f a composite number?
False
Let f(z) = 9*z**2 + 7 + 4 + 2*z - 12. Suppose -2*h + 4*c = 18, -3*h - 3*c = -0*c - 18. Is f(h) prime?
False
Suppose -5*i + 458872 - 76107 = -4*u, -2*u = -3*i + 229659. Is i composite?
True
Let q(x) = -7*x**3 - 2*x**2 - x + 5. Let d be q(-3). Let h = d + -96. Is h a composite number?
False
Suppose h + 4*b - 1653 = 0, -5*b + 164 + 1494 = h. Is h composite?
True
Let q(w) = 8*w**2 - 17*w - 10. Let m(t) = 4*t**2 - 9*t - 5. Let u(i) = -7*m(i) + 4*q(i). Suppose n + 21 = -y + 4*y, 5*y = 5*n + 45. Is u(y) a prime number?
True
Suppose -5*a + 63 - 2153 = 0. Let k = a + 235. Let j = k - -280. Is j a prime number?
True
Let j(c) = 20*c - 1. Suppose 5*p + 10 = 3*p - 2*q, 2*q + 2 = 2*p. Let x(h) = 100*h - 6. Let r(l) = p*x(l) + 11*j(l). Is r(1) prime?
False
Suppose 11*z - 55070 = z. Is z composite?
False
Let n be (-2 - 1)*10*12/90. Let b(c) = 56*c + 4. Let m(z) = 1. Let g(p) = -b(p) + 3*m(p). Is g(n) a prime number?
True
Let w(l) = 80*l + 11. Let k = 28 + -25. Suppose -k*f - 8 = -20. Is w(f) prime?
True
Let w(a) = 9 + 2*a + 3*a + 3*a**2 - 5*a**2 + 8*a**2. Is w(-13) a prime number?
False
Let i be 11/3*(25 + 8). Let m = i - 66. Is m a prime number?
False
Suppose -4*y - 9 + 1 = -s, -5*s + y = 17. Let b(m) = -10*m**3 + 4*m**2 - 1. Is b(s) composite?
True
Is (109774/21)/(21/(-9) - -3) a prime number?
True
Suppose 2*d + 5*x - 2*x - 452 = 0, 5*d - 1153 = 4*x. Suppose n - d - 426 = -5*q, 2*n = 3*q + 1258. Is n a prime number?
False
Let r = 73623 - 23960. Is r composite?
False
Suppose 3*v - 384 = -0*z + 4*z, -v + 376 = -4*z. Let g = -44 - z. Is g a prime number?
False
Let q = -125 + 212. Let c = q - -378. Suppose 0 = 4*j + j - c. Is j prime?
False
Let u(v) = -v**3 - 21*v**2 - 40*v + 7. Is u(-20) prime?
False
Suppose 3*z - 12 = 5*v, -3*v - 8 = -0*v - z. Is -2174*v/6*1 a composite number?
False
Suppose 37683 - 12875 = 8*v. Is v prime?
False
Suppose 18 = -5*w + 14*w. Suppose 5*m + 3*z - 2336 = 0, -136 = w*m - 4*z - 1086. Is m a composite number?
True
Suppose -12*w - 6*w + 82314 = 0. Is w prime?
False
Suppose -323 = -4*c + v, 0 = 5*c - 0*c - 5*v - 385. Suppose 3*l - c - 74 = 0. Suppose 3*n - 329 = l. Is n prime?
True
Let s = -1370 - -2128. Let q = s - 427. Is q prime?
True
Suppose 3*y + 0*y = 0. Suppose y*b - 2*b = 186. Is (b/12)/(1/(-4)) a prime number?
True
Let n = 20 + -14. Suppose 3521 = n*k + k. Is k a prime number?
True
Let v be -1 + 10/6 - 2/(-6). Is 1 + 0 + v - (-1644)/4 prime?
False
Let l = -12 + 7. Is (-134)/(-3 - l - 4) composite?
False
Let l(n) = -468*n - 4. Let z be l(-2). Suppose -3*y = 2*v + 3*v - 699, 3*v = -4*y + z. Is y a composite number?
False
Suppose 1 = -2*z + u, -4*z - u = -2*u - 3. Suppose z = -h, w + 4*h - 321 = 1630. Is w a composite number?
True
Let h(o) = 26*o - 1. Let x(a) = a - 6. Let b = -6 - -13. Let k be x(b). Is h(k) composite?
True
Suppose -340 = -4*h - 4*n, -3*h - 4*n + 259 = -3*n. Suppose 95 = 2*t - h. Is t prime?
False
Let i(u) = u**2 + 2*u - 287. Suppose -3*y + 6 = -5*s, 2*y + 0*y = -3*s + 4. Let k be i(s). Let c = k - -402. Is c prime?
False
Let x(k) = 42*k + 6. Let l be x(18). Suppose 14*u - 16*u + l = 0. Is u a composite number?
True
Suppose 115166 = 11*p - 7451. Is p prime?
False
Let z(w) = 2*w**3 - 3*w**2 - 2*w - 5. Let l = 13 + -1. Let x = -8 + l. Is z(x) a prime number?
True
Let r = 598 + 1497. Suppose 0*l - 2*l - r = -q, 0 = -5*q - 3*l + 10475. Is q prime?
False
Suppose 0 = 3*h + 4*v - 184 - 75, 2*v = -4. Is (-11)/(-4)*(h + 3) prime?
False
Let m(v) = 18*v**2 + 9*v - 8. Is m(5) composite?
False
Suppose 15*p = 12*p + 234. Let a = p - 53. Is a composite?
True
Suppose 4*l = 3*j - 8*j + 3, -4*l - 24 = -4*j. Suppose -2*v = j*g - 935, -5*g = -9*g + 12. Is v composite?
False
Suppose 0*i = 5*u - 2*i - 2713, -u + 3*i = -553. Is u a prime number?
True
Suppose -k + 2874 = h, k - 3*h - 14402 = -4*k. Is k a composite number?
True
Let b(p) = p**2 + p - 2. Let g be b(2). Let j(q) = -q**2 + 6*q - 3. Let r be j(g). Suppose r*l = h + 2*h + 1061, -l + 203 = 4*h. Is l a composite number?
False
Suppose -4*t + 4541 = -3615. Suppose -6120 = -3*u - 4*q, 0*q - t = -u - q. Suppose -u = -3*c - 5*x, -x + 1 = -0*x. Is c a composite number?
False
Let j = 6666 - 1627. Is j composite?
False
Suppose 4*r - 89*b - 368116 = -85*b, -2*b = 3*r - 276087. Is r a prime number?
False
Let g(s) = -9*s + 4. Let x be g(5). Let y = 146 - x. Suppose 2*f = 13 - 5, 4*f = q - y. Is q a composite number?
True
Let o = -3 + 5. Suppose 0 = -2*j - j - 3, 5*x + o*j = 8. Is 1/x + (-60)/(-24) a prime number?
True
Suppose -3*o + 5*r + 97 = -o, 0 = 3*o - 5*r - 143. Suppose 4*p - o = 4*s + 2, 2*p = 4*s + 28. Is ((-4)/p)/(16/(-5240)) composite?
False
Let n(l) = 2*l**2 + 3*l. Let o be n(-2). Let j be (-88)/(-11) + (1 - o). Let m = j - -159. Is m a composite number?
True
Let i(u) = u**3 + 4*u**2 - 2*u - 4. Is i(7) composite?
False
Suppose 4*p + 3*i = 8*i + 181072, 5*p - 226377 = -3*i. Is p composite?
True
Let s be (471/2)/(4/8). Is (25/(-60) - (-6)/8)*s a composite number?
False
Let p(i) = -6*i**2 + 13*i - 2 - 6*i**3 - 7*i**3 - 4 - 15*i. Let l be p(-4). Let a = l + -524. Is a a composite number?
True
Let p(n) = -n**3 + 6*n**2 + 8*n - 5. Let q be p(7). Suppose -q*o = -241 - 663. Suppose 2*u + o = 6*u. Is u a composite number?
False
Suppose -6 = -x - 1. Let r(j) = 3*j**3 + j**2 - 2. Is r(x) a prime number?
False
Suppose 10 + 2 = 3*i. Suppose -6*k - i*z = -k, -4*k - 4*z - 4 = 0. Suppose -h + k*h = 561. Is h a composite number?
True
Suppose 0 = h - 7 + 1. Suppose -1462 = -4*b + 5*v, h*v - 716 = -2*b + v. Let r = b + -112. Is r prime?
True
Suppose -4*f = 3*m + 8, -3*f - 4 = 2. Suppose 7492 = 5*p - q, m*p + p + 5*q = 1514. Is p a prime number?
True
Suppose -2*k + 3*k = 0. Let c(f) = 2*f - 6. Let u be c(5). Suppose u*a + 216 = 2*z, -2*a + k*a + 246 = 2*z. Is z prime?
False
Suppose b - 2*b = 17. Let y = 72 - b. Is y a composite number?
False
Is (4280291/(-822))/(((-1)/(-6))/(-1)) a prime number?
False
Is ((-168110)/8)/(8/(-32)) a composite number?
True
Let i(w) = 827*w - 17. Let x be i(5). Suppose -2*u + 4118 = -2*o, -u - u + x = -5*o. Is u a composite number?
True
Let f be 10/4 + 15/10. Is 131*-6*f/(-8) prime?
False
Suppose 0 = 4*d - 5*q + 15, 5 - 18 = 2*d + 3*q. Let f(n) = -n - 6. Let y be f(d). Is (y + 2)*(-6 + 377) composite?
True
Is (140/(-75))/(-14) + (-98743)/(-15) a composite number?
True
Suppose 0 = -37*i + 8*i + 27289. Is i composite?
False
Suppose 0 = j + 2*n - 55579, 4*j - 3*n - 223386 + 1070 = 0. Is j a composite number?
False
Is (-130)/(-325)*(-428965)/(-2) a prime number?
True
Suppose -12 = l - 5*l. Suppose -2*y + l*r = -4294, y - 3*y + 4294 = r. Is y a composite number?
True
Is (-1 - 4/(-2))/((-2)/(-29246)) a composite number?
True
Let b be (-30)/5*1/(-3). Let i(y) = -y**2 - y + 4. Let d be i(0). Suppose b*u + 242 = d*g, -6*g + 11*g = 2*u + 304. Is g a prime number?
False
Suppose -4*h + 55820 - 19288 = 0. Is h composite?
False
Let x(l) be the second derivative of -l**3/3 + 31*l**2/2 - 8*l. Is x(-14) prime?
True
Let x be 8 - (-3*(-2 - -3) + 0). Suppose 0 = 5*f + 1 - x, -5*j = -3*f - 3749. Is j composite?
False
Let h = -320 - -649. Suppose 2134 - h = 5*v. Is v a composite number?
True
Let b(o) be the second derivative of 50*o**3/3 + 21*o**2/2 - 5*o. Let j(v) = 33*v + 7. Let q(l) = -4*b(l) + 11*j(l). Is q(-6) a prime number?
False
Let y be ((-64)/24)/((-4)/18). Suppose -6*w = -2*w - y, -c + 49 = -3*w. Is c composite?
True
Suppose -2*b = 3*p + 2*b - 36, -4*p - 3*b = -55. Suppose 4*d + 4*i - 8 = 0, -4*d = -3*i + i + p. Is (1547/(-14))/(1/d) composite?
True
Let t = 2657 + -1111. Let g = t + -924. Is g a prime number?
False
Is (-111624)/(-12) - (0 - 3) a composite number?
True
Let z(u) = -13*u**2 + 4*u - 45. Let k(r) = 26*r**2 - 9*r + 89. Let o(s) = 6*k(s) + 11*z(s). Is o(-16) a composite number?
False
Let x = -21217 - -53462. Is x prime?
False
Suppose 2*n - 5*u - 9344 = 0, -8*n - 4*u = -10*n + 9346. Is n prime?
False
Let u(h) = -143*h - 3. Let g be u(-3). Suppose 11 = 4*b + 3. Suppose 4 = -b*x, -4*q - x + g = -200. Is q a composite number?
False
Suppose 2*o - 2119 = -11*o. Is o a 